{"id":10701,"date":"2023-02-10T09:35:57","date_gmt":"2023-02-10T14:35:57","guid":{"rendered":"https:\/\/ultranatulife.com\/?post_type=product&#038;p=10701"},"modified":"2023-07-06T10:54:07","modified_gmt":"2023-07-06T15:54:07","slug":"menopause-aid","status":"publish","type":"product","link":"https:\/\/ultranatulife.com\/?product=menopause-aid","title":{"rendered":"MENOPAUSE AID"},"content":{"rendered":"<p><b>Produce efectos Calmantes y Provee Balance Emocional en nuestras vidas al mantener las funciones corporales en Armon\u00eda y Orden.<\/b><\/p>\n<ul>\n<li>Apoya la paz y la comodidad.<\/li>\n<li>Ayuda a promover un sue\u00f1o feliz.<\/li>\n<li>Iluminaci\u00f3n emocional y espiritual.<\/li>\n<li>Apoya el bienestar f\u00edsico y emocional.<\/li>\n<li>El apoyo diet\u00e9tico proporciona una nutrici\u00f3n y vitalidad \u00f3ptimas.<\/li>\n<li>Apoya la comodidad y las comodidades durante la menopausia y la posmenopausia.<\/li>\n<li>Ayuda en la transici\u00f3n f\u00e1cil al per\u00edodo de la menopausia sin mayores molestias f\u00edsicas y psicol\u00f3gicas para la mujer.<\/li>\n<li>Alivia los cambios de humor y los sofocos asociados con la menopausia.<\/li>\n<li>Ayuda a controlar el sangrado excesivo durante la menstruaci\u00f3n.<\/li>\n<li>Ayuda a controlar la debilidad, proporciona una nutrici\u00f3n y vitalidad \u00f3ptimas.<\/li>\n<\/ul>\n<p><strong>Use en caso de:<\/strong><br \/>\nMenopausia<br \/>\nCambios de humor<br \/>\nS\u00edndrome premenop\u00e1usico<br \/>\nMenorragia<\/p>\n","protected":false},"excerpt":{"rendered":"<p>MENOPAUSE AID para las mujeres ayuda en la transici\u00f3n f\u00e1cil al per\u00edodo de la menopausia sin mayores molestias f\u00edsicas y psicol\u00f3gicas. Alivia los cambios de humor y los sofocos asociados con la menopausia.<\/p>\n<p>MENOPAUSE AID es una fuente natural de estr\u00f3geno y favorece la funci\u00f3n endocrina, por lo que ayuda a mantener los tejidos del cuerpo y aporta juventud y vitalidad.<\/p>\n","protected":false},"featured_media":12908,"template":"","meta":[],"product_brand":[],"product_cat":[19],"product_tag":[],"class_list":{"0":"post-10701","1":"product","2":"type-product","3":"status-publish","4":"has-post-thumbnail","6":"product_cat-bienestar","8":"first","9":"instock","10":"sale","11":"taxable","12":"shipping-taxable","13":"purchasable","14":"product-type-simple"},"yoast_head":"<!-- This site is optimized with the Yoast SEO plugin v27.4 - https:\/\/yoast.com\/product\/yoast-seo-wordpress\/ -->\n<title>Menopause-Aid - Suplemento Pastillas Naturales para Menopausia<\/title>\n<meta name=\"description\" content=\"Ayuda en la transici\u00f3n al per\u00edodo de la menopausia sin mayores molestias f\u00edsicas y psicol\u00f3gicas para las mujeres. Fuente natural de estr\u00f3geno. \u00a1Pru\u00e9balo!\" \/>\n<meta name=\"robots\" content=\"index, follow, max-snippet:-1, max-image-preview:large, max-video-preview:-1\" \/>\n<link rel=\"canonical\" href=\"https:\/\/ultranatulife.com\/?product=menopause-aid\" \/>\n<meta property=\"og:locale\" content=\"en_US\" \/>\n<meta property=\"og:type\" content=\"article\" \/>\n<meta property=\"og:title\" content=\"Menopause-Aid - Suplemento Pastillas Naturales para Menopausia\" \/>\n<meta property=\"og:description\" content=\"Ayuda en la transici\u00f3n al per\u00edodo de la menopausia sin mayores molestias f\u00edsicas y psicol\u00f3gicas para las mujeres. Fuente natural de estr\u00f3geno. \u00a1Pru\u00e9balo!\" \/>\n<meta property=\"og:url\" content=\"https:\/\/ultranatulife.com\/?product=menopause-aid\" \/>\n<meta property=\"og:site_name\" content=\"Ultra Natu Life\" \/>\n<meta property=\"article:publisher\" content=\"https:\/\/www.facebook.com\/UltraNatulifeSupplements\" \/>\n<meta property=\"article:modified_time\" content=\"2023-07-06T15:54:07+00:00\" \/>\n<meta property=\"og:image\" content=\"https:\/\/ultranatulife.com\/wp-content\/uploads\/2023\/07\/Ultra-New-Render-June-2023-Menopause-Front.png\" \/>\n\t<meta property=\"og:image:width\" content=\"1000\" \/>\n\t<meta property=\"og:image:height\" content=\"1000\" \/>\n\t<meta property=\"og:image:type\" content=\"image\/png\" \/>\n<meta name=\"twitter:card\" content=\"summary_large_image\" \/>\n<meta name=\"twitter:label1\" content=\"Est. reading time\" \/>\n\t<meta name=\"twitter:data1\" content=\"1 minute\" \/>\n<script type=\"application\/ld+json\" class=\"yoast-schema-graph\">{\"@context\":\"https:\\\/\\\/schema.org\",\"@graph\":[{\"@type\":\"WebPage\",\"@id\":\"https:\\\/\\\/ultranatulife.com\\\/?product=menopause-aid\",\"url\":\"https:\\\/\\\/ultranatulife.com\\\/?product=menopause-aid\",\"name\":\"Menopause-Aid - Suplemento Pastillas Naturales para Menopausia\",\"isPartOf\":{\"@id\":\"https:\\\/\\\/ultranatulife.com\\\/#website\"},\"primaryImageOfPage\":{\"@id\":\"https:\\\/\\\/ultranatulife.com\\\/?product=menopause-aid#primaryimage\"},\"image\":{\"@id\":\"https:\\\/\\\/ultranatulife.com\\\/?product=menopause-aid#primaryimage\"},\"thumbnailUrl\":\"https:\\\/\\\/ultranatulife.com\\\/wp-content\\\/uploads\\\/2023\\\/07\\\/Ultra-New-Render-June-2023-Menopause-Front.png\",\"datePublished\":\"2023-02-10T14:35:57+00:00\",\"dateModified\":\"2023-07-06T15:54:07+00:00\",\"description\":\"Ayuda en la transici\u00f3n al per\u00edodo de la menopausia sin mayores molestias f\u00edsicas y psicol\u00f3gicas para las mujeres. Fuente natural de estr\u00f3geno. \u00a1Pru\u00e9balo!\",\"breadcrumb\":{\"@id\":\"https:\\\/\\\/ultranatulife.com\\\/?product=menopause-aid#breadcrumb\"},\"inLanguage\":\"en-US\",\"potentialAction\":[{\"@type\":\"ReadAction\",\"target\":[\"https:\\\/\\\/ultranatulife.com\\\/?product=menopause-aid\"]}]},{\"@type\":\"ImageObject\",\"inLanguage\":\"en-US\",\"@id\":\"https:\\\/\\\/ultranatulife.com\\\/?product=menopause-aid#primaryimage\",\"url\":\"https:\\\/\\\/ultranatulife.com\\\/wp-content\\\/uploads\\\/2023\\\/07\\\/Ultra-New-Render-June-2023-Menopause-Front.png\",\"contentUrl\":\"https:\\\/\\\/ultranatulife.com\\\/wp-content\\\/uploads\\\/2023\\\/07\\\/Ultra-New-Render-June-2023-Menopause-Front.png\",\"width\":1000,\"height\":1000},{\"@type\":\"BreadcrumbList\",\"@id\":\"https:\\\/\\\/ultranatulife.com\\\/?product=menopause-aid#breadcrumb\",\"itemListElement\":[{\"@type\":\"ListItem\",\"position\":1,\"name\":\"Portada\",\"item\":\"https:\\\/\\\/ultranatulife.com\\\/\"},{\"@type\":\"ListItem\",\"position\":2,\"name\":\"Productos\",\"item\":\"https:\\\/\\\/ultranatulife.com\\\/?page_id=353\"},{\"@type\":\"ListItem\",\"position\":3,\"name\":\"MENOPAUSE AID\"}]},{\"@type\":\"WebSite\",\"@id\":\"https:\\\/\\\/ultranatulife.com\\\/#website\",\"url\":\"https:\\\/\\\/ultranatulife.com\\\/\",\"name\":\"Ultra NatuLife - Suplementos 100% Naturales\",\"description\":\"Te ofrecemos tratamientos 100% naturales con resultados comprobados. Mejora tu vida con Ultra NatuLife.\",\"publisher\":{\"@id\":\"https:\\\/\\\/ultranatulife.com\\\/#organization\"},\"alternateName\":\"Ultra Natu Life\",\"potentialAction\":[{\"@type\":\"SearchAction\",\"target\":{\"@type\":\"EntryPoint\",\"urlTemplate\":\"https:\\\/\\\/ultranatulife.com\\\/?s={search_term_string}\"},\"query-input\":{\"@type\":\"PropertyValueSpecification\",\"valueRequired\":true,\"valueName\":\"search_term_string\"}}],\"inLanguage\":\"en-US\"},{\"@type\":\"Organization\",\"@id\":\"https:\\\/\\\/ultranatulife.com\\\/#organization\",\"name\":\"Ultra NatuLife - Suplementos 100% Naturales\",\"url\":\"https:\\\/\\\/ultranatulife.com\\\/\",\"logo\":{\"@type\":\"ImageObject\",\"inLanguage\":\"en-US\",\"@id\":\"https:\\\/\\\/ultranatulife.com\\\/#\\\/schema\\\/logo\\\/image\\\/\",\"url\":\"https:\\\/\\\/ultranatulife.com\\\/wp-content\\\/uploads\\\/2023\\\/04\\\/logo-ultra-verde.png\",\"contentUrl\":\"https:\\\/\\\/ultranatulife.com\\\/wp-content\\\/uploads\\\/2023\\\/04\\\/logo-ultra-verde.png\",\"width\":638,\"height\":177,\"caption\":\"Ultra NatuLife - Suplementos 100% Naturales\"},\"image\":{\"@id\":\"https:\\\/\\\/ultranatulife.com\\\/#\\\/schema\\\/logo\\\/image\\\/\"},\"sameAs\":[\"https:\\\/\\\/www.facebook.com\\\/UltraNatulifeSupplements\",\"https:\\\/\\\/www.instagram.com\\\/ultranatulife\\\/\"]}]}<\/script>\n<!-- \/ Yoast SEO plugin. -->","yoast_head_json":{"title":"Menopause-Aid - Suplemento Pastillas Naturales para Menopausia","description":"Ayuda en la transici\u00f3n al per\u00edodo de la menopausia sin mayores molestias f\u00edsicas y psicol\u00f3gicas para las mujeres. Fuente natural de estr\u00f3geno. \u00a1Pru\u00e9balo!","robots":{"index":"index","follow":"follow","max-snippet":"max-snippet:-1","max-image-preview":"max-image-preview:large","max-video-preview":"max-video-preview:-1"},"canonical":"https:\/\/ultranatulife.com\/?product=menopause-aid","og_locale":"en_US","og_type":"article","og_title":"Menopause-Aid - Suplemento Pastillas Naturales para Menopausia","og_description":"Ayuda en la transici\u00f3n al per\u00edodo de la menopausia sin mayores molestias f\u00edsicas y psicol\u00f3gicas para las mujeres. Fuente natural de estr\u00f3geno. \u00a1Pru\u00e9balo!","og_url":"https:\/\/ultranatulife.com\/?product=menopause-aid","og_site_name":"Ultra Natu Life","article_publisher":"https:\/\/www.facebook.com\/UltraNatulifeSupplements","article_modified_time":"2023-07-06T15:54:07+00:00","og_image":[{"width":1000,"height":1000,"url":"https:\/\/ultranatulife.com\/wp-content\/uploads\/2023\/07\/Ultra-New-Render-June-2023-Menopause-Front.png","type":"image\/png"}],"twitter_card":"summary_large_image","twitter_misc":{"Est. reading time":"1 minute"},"schema":{"@context":"https:\/\/schema.org","@graph":[{"@type":"WebPage","@id":"https:\/\/ultranatulife.com\/?product=menopause-aid","url":"https:\/\/ultranatulife.com\/?product=menopause-aid","name":"Menopause-Aid - Suplemento Pastillas Naturales para Menopausia","isPartOf":{"@id":"https:\/\/ultranatulife.com\/#website"},"primaryImageOfPage":{"@id":"https:\/\/ultranatulife.com\/?product=menopause-aid#primaryimage"},"image":{"@id":"https:\/\/ultranatulife.com\/?product=menopause-aid#primaryimage"},"thumbnailUrl":"https:\/\/ultranatulife.com\/wp-content\/uploads\/2023\/07\/Ultra-New-Render-June-2023-Menopause-Front.png","datePublished":"2023-02-10T14:35:57+00:00","dateModified":"2023-07-06T15:54:07+00:00","description":"Ayuda en la transici\u00f3n al per\u00edodo de la menopausia sin mayores molestias f\u00edsicas y psicol\u00f3gicas para las mujeres. Fuente natural de estr\u00f3geno. \u00a1Pru\u00e9balo!","breadcrumb":{"@id":"https:\/\/ultranatulife.com\/?product=menopause-aid#breadcrumb"},"inLanguage":"en-US","potentialAction":[{"@type":"ReadAction","target":["https:\/\/ultranatulife.com\/?product=menopause-aid"]}]},{"@type":"ImageObject","inLanguage":"en-US","@id":"https:\/\/ultranatulife.com\/?product=menopause-aid#primaryimage","url":"https:\/\/ultranatulife.com\/wp-content\/uploads\/2023\/07\/Ultra-New-Render-June-2023-Menopause-Front.png","contentUrl":"https:\/\/ultranatulife.com\/wp-content\/uploads\/2023\/07\/Ultra-New-Render-June-2023-Menopause-Front.png","width":1000,"height":1000},{"@type":"BreadcrumbList","@id":"https:\/\/ultranatulife.com\/?product=menopause-aid#breadcrumb","itemListElement":[{"@type":"ListItem","position":1,"name":"Portada","item":"https:\/\/ultranatulife.com\/"},{"@type":"ListItem","position":2,"name":"Productos","item":"https:\/\/ultranatulife.com\/?page_id=353"},{"@type":"ListItem","position":3,"name":"MENOPAUSE AID"}]},{"@type":"WebSite","@id":"https:\/\/ultranatulife.com\/#website","url":"https:\/\/ultranatulife.com\/","name":"Ultra NatuLife - Suplementos 100% Naturales","description":"Te ofrecemos tratamientos 100% naturales con resultados comprobados. Mejora tu vida con Ultra NatuLife.","publisher":{"@id":"https:\/\/ultranatulife.com\/#organization"},"alternateName":"Ultra Natu Life","potentialAction":[{"@type":"SearchAction","target":{"@type":"EntryPoint","urlTemplate":"https:\/\/ultranatulife.com\/?s={search_term_string}"},"query-input":{"@type":"PropertyValueSpecification","valueRequired":true,"valueName":"search_term_string"}}],"inLanguage":"en-US"},{"@type":"Organization","@id":"https:\/\/ultranatulife.com\/#organization","name":"Ultra NatuLife - Suplementos 100% Naturales","url":"https:\/\/ultranatulife.com\/","logo":{"@type":"ImageObject","inLanguage":"en-US","@id":"https:\/\/ultranatulife.com\/#\/schema\/logo\/image\/","url":"https:\/\/ultranatulife.com\/wp-content\/uploads\/2023\/04\/logo-ultra-verde.png","contentUrl":"https:\/\/ultranatulife.com\/wp-content\/uploads\/2023\/04\/logo-ultra-verde.png","width":638,"height":177,"caption":"Ultra NatuLife - Suplementos 100% Naturales"},"image":{"@id":"https:\/\/ultranatulife.com\/#\/schema\/logo\/image\/"},"sameAs":["https:\/\/www.facebook.com\/UltraNatulifeSupplements","https:\/\/www.instagram.com\/ultranatulife\/"]}]}},"_links":{"self":[{"href":"https:\/\/ultranatulife.com\/index.php?rest_route=\/wp\/v2\/product\/10701","targetHints":{"allow":["GET"]}}],"collection":[{"href":"https:\/\/ultranatulife.com\/index.php?rest_route=\/wp\/v2\/product"}],"about":[{"href":"https:\/\/ultranatulife.com\/index.php?rest_route=\/wp\/v2\/types\/product"}],"version-history":[{"count":6,"href":"https:\/\/ultranatulife.com\/index.php?rest_route=\/wp\/v2\/product\/10701\/revisions"}],"predecessor-version":[{"id":12608,"href":"https:\/\/ultranatulife.com\/index.php?rest_route=\/wp\/v2\/product\/10701\/revisions\/12608"}],"wp:featuredmedia":[{"embeddable":true,"href":"https:\/\/ultranatulife.com\/index.php?rest_route=\/wp\/v2\/media\/12908"}],"wp:attachment":[{"href":"https:\/\/ultranatulife.com\/index.php?rest_route=%2Fwp%2Fv2%2Fmedia&parent=10701"}],"wp:term":[{"taxonomy":"product_brand","embeddable":true,"href":"https:\/\/ultranatulife.com\/index.php?rest_route=%2Fwp%2Fv2%2Fproduct_brand&post=10701"},{"taxonomy":"product_cat","embeddable":true,"href":"https:\/\/ultranatulife.com\/index.php?rest_route=%2Fwp%2Fv2%2Fproduct_cat&post=10701"},{"taxonomy":"product_tag","embeddable":true,"href":"https:\/\/ultranatulife.com\/index.php?rest_route=%2Fwp%2Fv2%2Fproduct_tag&post=10701"}],"curies":[{"name":"wp","href":"https:\/\/api.w.org\/{rel}","templated":true}]}}