{"id":12143,"date":"2023-04-19T09:34:16","date_gmt":"2023-04-19T14:34:16","guid":{"rendered":"https:\/\/ultranatulife.com\/?post_type=product&#038;p=12143"},"modified":"2025-10-23T10:24:14","modified_gmt":"2025-10-23T15:24:14","slug":"combo-tiger-king-ultra-plus","status":"publish","type":"product","link":"https:\/\/ultranatulife.com\/?product=combo-tiger-king-ultra-plus","title":{"rendered":"COMBO TIGER KING ULTRA PLUS"},"content":{"rendered":"<ul>\n<li>&#8220;Hace unas semanas, mi relaci\u00f3n estaba en su peor momento, ya no sab\u00eda que decirle a mi pareja, por fortuna un amigo me hablo de TIGER KING ULTRA PLUS, la verdad estaba desesperado y lo prob\u00e9 sin pensarlo mucho, hoy me alegro de haberlo hecho as\u00ed, los resultados fueron casi inmediatos. Me siento con m\u00e1s fuerza y mi pareja est\u00e1 fascinada. Dej\u00e9 las excusas y pruebe TIGER KING ULTRA PLUS, a m\u00ed me sirvi\u00f3 a usted tambi\u00e9n la va a servir.<br \/>\n<h3 class=\"elementor-icon-box-title\">JUAN E. SILVAS<\/h3>\n<p class=\"elementor-icon-box-description\">Ejecutivo de ventas<\/p>\n<\/li>\n<\/ul>\n","protected":false},"excerpt":{"rendered":"<p>TIGER KING ULTRA PLUS<\/p>\n<p>No tienes una erecci\u00f3n hace tiempo, y cuando la tienes el tama\u00f1o y el grosor no producen placer, para ti es Tiger King Ultra Plus, erecciones m\u00e1s duraderas, sorpr\u00e9ndete con el grosor y tama\u00f1o que tendr\u00e1s, adem\u00e1s te da m\u00e1s potencia en la eyaculaci\u00f3n, m\u00e1s aguante y m\u00e1s virilidad, efecto hasta por 3 d\u00edas, y act\u00faa a los 45 minutos de tomarlo. Compuestos naturales sin contraindicaciones<\/p>\n","protected":false},"featured_media":12883,"template":"","meta":[],"product_brand":[],"product_cat":[38,21],"product_tag":[],"class_list":{"0":"post-12143","1":"product","2":"type-product","3":"status-publish","4":"has-post-thumbnail","6":"product_cat-combos","7":"product_cat-salud-sexual","9":"first","10":"instock","11":"sale","12":"taxable","13":"shipping-taxable","14":"purchasable","15":"product-type-simple"},"yoast_head":"<!-- This site is optimized with the Yoast SEO plugin v27.4 - https:\/\/yoast.com\/product\/yoast-seo-wordpress\/ -->\n<title>Tiger King Ultra Plus - Tratamiento para Disfunci\u00f3n Er\u00e9ctil y Eyaculaci\u00f3n<\/title>\n<meta name=\"description\" content=\"TIGER KING ULTRA PLUS en un suplemento en pastillas naturales para la erecci\u00f3n. Potencia tu desempe\u00f1o sexual hasta por 3 d\u00edas y combate la fatiga. Pague 2 y lleve 3.\" \/>\n<meta name=\"robots\" content=\"index, follow, max-snippet:-1, max-image-preview:large, max-video-preview:-1\" \/>\n<link rel=\"canonical\" href=\"https:\/\/ultranatulife.com\/?product=combo-tiger-king-ultra-plus\" \/>\n<meta property=\"og:locale\" content=\"en_US\" \/>\n<meta property=\"og:type\" content=\"article\" \/>\n<meta property=\"og:title\" content=\"Tiger King Ultra Plus - Tratamiento para Disfunci\u00f3n Er\u00e9ctil y Eyaculaci\u00f3n\" \/>\n<meta property=\"og:description\" content=\"TIGER KING ULTRA PLUS en un suplemento en pastillas naturales para la erecci\u00f3n. Potencia tu desempe\u00f1o sexual hasta por 3 d\u00edas y combate la fatiga. Pague 2 y lleve 3.\" \/>\n<meta property=\"og:url\" content=\"https:\/\/ultranatulife.com\/?product=combo-tiger-king-ultra-plus\" \/>\n<meta property=\"og:site_name\" content=\"Ultra Natu Life\" \/>\n<meta property=\"article:publisher\" content=\"https:\/\/www.facebook.com\/UltraNatulifeSupplements\" \/>\n<meta property=\"article:modified_time\" content=\"2025-10-23T15:24:14+00:00\" \/>\n<meta property=\"og:image\" content=\"https:\/\/ultranatulife.com\/wp-content\/uploads\/2023\/07\/Tiger-Ultra-PLus-Combo.png\" \/>\n\t<meta property=\"og:image:width\" content=\"1000\" \/>\n\t<meta property=\"og:image:height\" content=\"1000\" \/>\n\t<meta property=\"og:image:type\" content=\"image\/png\" \/>\n<meta name=\"twitter:card\" content=\"summary_large_image\" \/>\n<meta name=\"twitter:label1\" content=\"Est. reading time\" \/>\n\t<meta name=\"twitter:data1\" content=\"1 minute\" \/>\n<script type=\"application\/ld+json\" class=\"yoast-schema-graph\">{\"@context\":\"https:\\\/\\\/schema.org\",\"@graph\":[{\"@type\":\"WebPage\",\"@id\":\"https:\\\/\\\/ultranatulife.com\\\/?product=combo-tiger-king-ultra-plus\",\"url\":\"https:\\\/\\\/ultranatulife.com\\\/?product=combo-tiger-king-ultra-plus\",\"name\":\"Tiger King Ultra Plus - Tratamiento para Disfunci\u00f3n Er\u00e9ctil y Eyaculaci\u00f3n\",\"isPartOf\":{\"@id\":\"https:\\\/\\\/ultranatulife.com\\\/#website\"},\"primaryImageOfPage\":{\"@id\":\"https:\\\/\\\/ultranatulife.com\\\/?product=combo-tiger-king-ultra-plus#primaryimage\"},\"image\":{\"@id\":\"https:\\\/\\\/ultranatulife.com\\\/?product=combo-tiger-king-ultra-plus#primaryimage\"},\"thumbnailUrl\":\"https:\\\/\\\/ultranatulife.com\\\/wp-content\\\/uploads\\\/2023\\\/07\\\/Tiger-Ultra-PLus-Combo.png\",\"datePublished\":\"2023-04-19T14:34:16+00:00\",\"dateModified\":\"2025-10-23T15:24:14+00:00\",\"description\":\"TIGER KING ULTRA PLUS en un suplemento en pastillas naturales para la erecci\u00f3n. Potencia tu desempe\u00f1o sexual hasta por 3 d\u00edas y combate la fatiga. Pague 2 y lleve 3.\",\"breadcrumb\":{\"@id\":\"https:\\\/\\\/ultranatulife.com\\\/?product=combo-tiger-king-ultra-plus#breadcrumb\"},\"inLanguage\":\"en-US\",\"potentialAction\":[{\"@type\":\"ReadAction\",\"target\":[\"https:\\\/\\\/ultranatulife.com\\\/?product=combo-tiger-king-ultra-plus\"]}]},{\"@type\":\"ImageObject\",\"inLanguage\":\"en-US\",\"@id\":\"https:\\\/\\\/ultranatulife.com\\\/?product=combo-tiger-king-ultra-plus#primaryimage\",\"url\":\"https:\\\/\\\/ultranatulife.com\\\/wp-content\\\/uploads\\\/2023\\\/07\\\/Tiger-Ultra-PLus-Combo.png\",\"contentUrl\":\"https:\\\/\\\/ultranatulife.com\\\/wp-content\\\/uploads\\\/2023\\\/07\\\/Tiger-Ultra-PLus-Combo.png\",\"width\":1000,\"height\":1000},{\"@type\":\"BreadcrumbList\",\"@id\":\"https:\\\/\\\/ultranatulife.com\\\/?product=combo-tiger-king-ultra-plus#breadcrumb\",\"itemListElement\":[{\"@type\":\"ListItem\",\"position\":1,\"name\":\"Portada\",\"item\":\"https:\\\/\\\/ultranatulife.com\\\/\"},{\"@type\":\"ListItem\",\"position\":2,\"name\":\"Productos\",\"item\":\"https:\\\/\\\/ultranatulife.com\\\/?page_id=353\"},{\"@type\":\"ListItem\",\"position\":3,\"name\":\"COMBO TIGER KING ULTRA PLUS\"}]},{\"@type\":\"WebSite\",\"@id\":\"https:\\\/\\\/ultranatulife.com\\\/#website\",\"url\":\"https:\\\/\\\/ultranatulife.com\\\/\",\"name\":\"Ultra NatuLife - Suplementos 100% Naturales\",\"description\":\"Te ofrecemos tratamientos 100% naturales con resultados comprobados. Mejora tu vida con Ultra NatuLife.\",\"publisher\":{\"@id\":\"https:\\\/\\\/ultranatulife.com\\\/#organization\"},\"alternateName\":\"Ultra Natu Life\",\"potentialAction\":[{\"@type\":\"SearchAction\",\"target\":{\"@type\":\"EntryPoint\",\"urlTemplate\":\"https:\\\/\\\/ultranatulife.com\\\/?s={search_term_string}\"},\"query-input\":{\"@type\":\"PropertyValueSpecification\",\"valueRequired\":true,\"valueName\":\"search_term_string\"}}],\"inLanguage\":\"en-US\"},{\"@type\":\"Organization\",\"@id\":\"https:\\\/\\\/ultranatulife.com\\\/#organization\",\"name\":\"Ultra NatuLife - Suplementos 100% Naturales\",\"url\":\"https:\\\/\\\/ultranatulife.com\\\/\",\"logo\":{\"@type\":\"ImageObject\",\"inLanguage\":\"en-US\",\"@id\":\"https:\\\/\\\/ultranatulife.com\\\/#\\\/schema\\\/logo\\\/image\\\/\",\"url\":\"https:\\\/\\\/ultranatulife.com\\\/wp-content\\\/uploads\\\/2023\\\/04\\\/logo-ultra-verde.png\",\"contentUrl\":\"https:\\\/\\\/ultranatulife.com\\\/wp-content\\\/uploads\\\/2023\\\/04\\\/logo-ultra-verde.png\",\"width\":638,\"height\":177,\"caption\":\"Ultra NatuLife - Suplementos 100% Naturales\"},\"image\":{\"@id\":\"https:\\\/\\\/ultranatulife.com\\\/#\\\/schema\\\/logo\\\/image\\\/\"},\"sameAs\":[\"https:\\\/\\\/www.facebook.com\\\/UltraNatulifeSupplements\",\"https:\\\/\\\/www.instagram.com\\\/ultranatulife\\\/\"]}]}<\/script>\n<!-- \/ Yoast SEO plugin. -->","yoast_head_json":{"title":"Tiger King Ultra Plus - Tratamiento para Disfunci\u00f3n Er\u00e9ctil y Eyaculaci\u00f3n","description":"TIGER KING ULTRA PLUS en un suplemento en pastillas naturales para la erecci\u00f3n. Potencia tu desempe\u00f1o sexual hasta por 3 d\u00edas y combate la fatiga. Pague 2 y lleve 3.","robots":{"index":"index","follow":"follow","max-snippet":"max-snippet:-1","max-image-preview":"max-image-preview:large","max-video-preview":"max-video-preview:-1"},"canonical":"https:\/\/ultranatulife.com\/?product=combo-tiger-king-ultra-plus","og_locale":"en_US","og_type":"article","og_title":"Tiger King Ultra Plus - Tratamiento para Disfunci\u00f3n Er\u00e9ctil y Eyaculaci\u00f3n","og_description":"TIGER KING ULTRA PLUS en un suplemento en pastillas naturales para la erecci\u00f3n. Potencia tu desempe\u00f1o sexual hasta por 3 d\u00edas y combate la fatiga. Pague 2 y lleve 3.","og_url":"https:\/\/ultranatulife.com\/?product=combo-tiger-king-ultra-plus","og_site_name":"Ultra Natu Life","article_publisher":"https:\/\/www.facebook.com\/UltraNatulifeSupplements","article_modified_time":"2025-10-23T15:24:14+00:00","og_image":[{"width":1000,"height":1000,"url":"https:\/\/ultranatulife.com\/wp-content\/uploads\/2023\/07\/Tiger-Ultra-PLus-Combo.png","type":"image\/png"}],"twitter_card":"summary_large_image","twitter_misc":{"Est. reading time":"1 minute"},"schema":{"@context":"https:\/\/schema.org","@graph":[{"@type":"WebPage","@id":"https:\/\/ultranatulife.com\/?product=combo-tiger-king-ultra-plus","url":"https:\/\/ultranatulife.com\/?product=combo-tiger-king-ultra-plus","name":"Tiger King Ultra Plus - Tratamiento para Disfunci\u00f3n Er\u00e9ctil y Eyaculaci\u00f3n","isPartOf":{"@id":"https:\/\/ultranatulife.com\/#website"},"primaryImageOfPage":{"@id":"https:\/\/ultranatulife.com\/?product=combo-tiger-king-ultra-plus#primaryimage"},"image":{"@id":"https:\/\/ultranatulife.com\/?product=combo-tiger-king-ultra-plus#primaryimage"},"thumbnailUrl":"https:\/\/ultranatulife.com\/wp-content\/uploads\/2023\/07\/Tiger-Ultra-PLus-Combo.png","datePublished":"2023-04-19T14:34:16+00:00","dateModified":"2025-10-23T15:24:14+00:00","description":"TIGER KING ULTRA PLUS en un suplemento en pastillas naturales para la erecci\u00f3n. Potencia tu desempe\u00f1o sexual hasta por 3 d\u00edas y combate la fatiga. Pague 2 y lleve 3.","breadcrumb":{"@id":"https:\/\/ultranatulife.com\/?product=combo-tiger-king-ultra-plus#breadcrumb"},"inLanguage":"en-US","potentialAction":[{"@type":"ReadAction","target":["https:\/\/ultranatulife.com\/?product=combo-tiger-king-ultra-plus"]}]},{"@type":"ImageObject","inLanguage":"en-US","@id":"https:\/\/ultranatulife.com\/?product=combo-tiger-king-ultra-plus#primaryimage","url":"https:\/\/ultranatulife.com\/wp-content\/uploads\/2023\/07\/Tiger-Ultra-PLus-Combo.png","contentUrl":"https:\/\/ultranatulife.com\/wp-content\/uploads\/2023\/07\/Tiger-Ultra-PLus-Combo.png","width":1000,"height":1000},{"@type":"BreadcrumbList","@id":"https:\/\/ultranatulife.com\/?product=combo-tiger-king-ultra-plus#breadcrumb","itemListElement":[{"@type":"ListItem","position":1,"name":"Portada","item":"https:\/\/ultranatulife.com\/"},{"@type":"ListItem","position":2,"name":"Productos","item":"https:\/\/ultranatulife.com\/?page_id=353"},{"@type":"ListItem","position":3,"name":"COMBO TIGER KING ULTRA PLUS"}]},{"@type":"WebSite","@id":"https:\/\/ultranatulife.com\/#website","url":"https:\/\/ultranatulife.com\/","name":"Ultra NatuLife - Suplementos 100% Naturales","description":"Te ofrecemos tratamientos 100% naturales con resultados comprobados. Mejora tu vida con Ultra NatuLife.","publisher":{"@id":"https:\/\/ultranatulife.com\/#organization"},"alternateName":"Ultra Natu Life","potentialAction":[{"@type":"SearchAction","target":{"@type":"EntryPoint","urlTemplate":"https:\/\/ultranatulife.com\/?s={search_term_string}"},"query-input":{"@type":"PropertyValueSpecification","valueRequired":true,"valueName":"search_term_string"}}],"inLanguage":"en-US"},{"@type":"Organization","@id":"https:\/\/ultranatulife.com\/#organization","name":"Ultra NatuLife - Suplementos 100% Naturales","url":"https:\/\/ultranatulife.com\/","logo":{"@type":"ImageObject","inLanguage":"en-US","@id":"https:\/\/ultranatulife.com\/#\/schema\/logo\/image\/","url":"https:\/\/ultranatulife.com\/wp-content\/uploads\/2023\/04\/logo-ultra-verde.png","contentUrl":"https:\/\/ultranatulife.com\/wp-content\/uploads\/2023\/04\/logo-ultra-verde.png","width":638,"height":177,"caption":"Ultra NatuLife - Suplementos 100% Naturales"},"image":{"@id":"https:\/\/ultranatulife.com\/#\/schema\/logo\/image\/"},"sameAs":["https:\/\/www.facebook.com\/UltraNatulifeSupplements","https:\/\/www.instagram.com\/ultranatulife\/"]}]}},"_links":{"self":[{"href":"https:\/\/ultranatulife.com\/index.php?rest_route=\/wp\/v2\/product\/12143","targetHints":{"allow":["GET"]}}],"collection":[{"href":"https:\/\/ultranatulife.com\/index.php?rest_route=\/wp\/v2\/product"}],"about":[{"href":"https:\/\/ultranatulife.com\/index.php?rest_route=\/wp\/v2\/types\/product"}],"version-history":[{"count":4,"href":"https:\/\/ultranatulife.com\/index.php?rest_route=\/wp\/v2\/product\/12143\/revisions"}],"predecessor-version":[{"id":12727,"href":"https:\/\/ultranatulife.com\/index.php?rest_route=\/wp\/v2\/product\/12143\/revisions\/12727"}],"wp:featuredmedia":[{"embeddable":true,"href":"https:\/\/ultranatulife.com\/index.php?rest_route=\/wp\/v2\/media\/12883"}],"wp:attachment":[{"href":"https:\/\/ultranatulife.com\/index.php?rest_route=%2Fwp%2Fv2%2Fmedia&parent=12143"}],"wp:term":[{"taxonomy":"product_brand","embeddable":true,"href":"https:\/\/ultranatulife.com\/index.php?rest_route=%2Fwp%2Fv2%2Fproduct_brand&post=12143"},{"taxonomy":"product_cat","embeddable":true,"href":"https:\/\/ultranatulife.com\/index.php?rest_route=%2Fwp%2Fv2%2Fproduct_cat&post=12143"},{"taxonomy":"product_tag","embeddable":true,"href":"https:\/\/ultranatulife.com\/index.php?rest_route=%2Fwp%2Fv2%2Fproduct_tag&post=12143"}],"curies":[{"name":"wp","href":"https:\/\/api.w.org\/{rel}","templated":true}]}}