{"id":12754,"date":"2023-06-30T11:00:55","date_gmt":"2023-06-30T16:00:55","guid":{"rendered":"https:\/\/ultranatulife.com\/?post_type=product&#038;p=12754"},"modified":"2023-07-01T10:41:31","modified_gmt":"2023-07-01T15:41:31","slug":"2oz-lub-warm-pl","status":"publish","type":"product","link":"https:\/\/ultranatulife.com\/?product=2oz-lub-warm-pl","title":{"rendered":"2oz Lub Warm PL"},"content":{"rendered":"<p>INGREDIENTES:<br \/>\nAgua purificada, glicerina, propilenglicol, hidroxietilcelulosa, nicotinato de metilo, \u00e9ter but\u00edlico de vanilil, sorbato de potasio, benzoato de sodio.<\/p>\n<p>ADVERTENCIAS:<br \/>\nNo es un anticonceptivo. No contiene espermicida. En caso de irritaci\u00f3n o malestar, suspenda el uso inmediatamente y consulte a un m\u00e9dico. Mantener alejado de ojos y o\u00eddos. MANTENER FUERA DEL ALCANCE DE LOS NI\u00d1OS.<\/p>\n<p>Almacenar a temperatura ambiente 59*F \u2013 86*F (15*C \u2013 30*C).<\/p>\n<p>Muy resbaladizo Limpie los derrames inmediatamente. Almac\u00e9nelo en posici\u00f3n vertical para evitar fugas. Pruebe un \u00e1rea peque\u00f1a antes de usar. No lo use con otros productos de silicona.<\/p>\n","protected":false},"excerpt":{"rendered":"<p>El placer que siempre ha querido. Orgasmos alucinantes para una experiencia fuera del cuerpo. Unas pocas gotas de nuestro gel tibio equivalen a una experiencia de felicidad como nunca antes. Descubre de lo que miles de mujeres no se cansan. Incre\u00edblemente estimulante, aumenta la sensibilidad para la excitaci\u00f3n femenina, el gel te permite experimentar mayores sensaciones en tu \u00e1rea m\u00e1s sensible, como el cl\u00edtoris y el ano.<\/p>\n<p>INDICACIONES:<br \/>\nAplicar solo 5 minutos antes de la intimidad o la masturbaci\u00f3n para experimentar nuevas y deliciosas sensaciones. Aplique la cantidad deseada en las \u00e1reas \u00edntimas para masajes y juegos previos. \u00daselo para mayor intensidad, humedad y comodidad. Vuelva a aplicar seg\u00fan lo desee.<br \/>\nNo para el consumo, pero inofensivo en peque\u00f1as cantidades si se ingiere.<\/p>\n<p>NOTA:<br \/>\nSe lava f\u00e1cilmente con jab\u00f3n suave y agua tibia.<br \/>\nSeguro para l\u00e1tex.<br \/>\nPuede sentir una sensaci\u00f3n de enfriamiento y\/o calor de 5 a 15 minutos despu\u00e9s de la aplicaci\u00f3n. Diferentes personas pueden experimentar diversos grados debido al tipo de piel. Si siente que hace demasiado fr\u00edo o calor para soportarlo, use un agente refrescante como el gel de aloe vera para refrescar su piel.<\/p>\n","protected":false},"featured_media":12760,"template":"","meta":[],"product_brand":[],"product_cat":[21],"product_tag":[],"class_list":{"0":"post-12754","1":"product","2":"type-product","3":"status-publish","4":"has-post-thumbnail","6":"product_cat-salud-sexual","8":"first","9":"instock","10":"sale","11":"taxable","12":"shipping-taxable","13":"purchasable","14":"product-type-simple"},"yoast_head":"<!-- This site is optimized with the Yoast SEO plugin v27.4 - https:\/\/yoast.com\/product\/yoast-seo-wordpress\/ -->\n<title>2oz Lub Warm PL - Ultra Natu Life<\/title>\n<meta name=\"robots\" content=\"index, follow, max-snippet:-1, max-image-preview:large, max-video-preview:-1\" \/>\n<link rel=\"canonical\" href=\"https:\/\/ultranatulife.com\/?product=2oz-lub-warm-pl\" \/>\n<meta property=\"og:locale\" content=\"en_US\" \/>\n<meta property=\"og:type\" content=\"article\" \/>\n<meta property=\"og:title\" content=\"2oz Lub Warm PL - Ultra Natu Life\" \/>\n<meta property=\"og:description\" content=\"El placer que siempre ha querido. Orgasmos alucinantes para una experiencia fuera del cuerpo. Unas pocas gotas de nuestro gel tibio equivalen a una experiencia de felicidad como nunca antes. Descubre de lo que miles de mujeres no se cansan. Incre\u00edblemente estimulante, aumenta la sensibilidad para la excitaci\u00f3n femenina, el gel te permite experimentar mayores sensaciones en tu \u00e1rea m\u00e1s sensible, como el cl\u00edtoris y el ano.  INDICACIONES: Aplicar solo 5 minutos antes de la intimidad o la masturbaci\u00f3n para experimentar nuevas y deliciosas sensaciones. Aplique la cantidad deseada en las \u00e1reas \u00edntimas para masajes y juegos previos. \u00daselo para mayor intensidad, humedad y comodidad. Vuelva a aplicar seg\u00fan lo desee. No para el consumo, pero inofensivo en peque\u00f1as cantidades si se ingiere.  NOTA: Se lava f\u00e1cilmente con jab\u00f3n suave y agua tibia. Seguro para l\u00e1tex. Puede sentir una sensaci\u00f3n de enfriamiento y\/o calor de 5 a 15 minutos despu\u00e9s de la aplicaci\u00f3n. Diferentes personas pueden experimentar diversos grados debido al tipo de piel. Si siente que hace demasiado fr\u00edo o calor para soportarlo, use un agente refrescante como el gel de aloe vera para refrescar su piel.\" \/>\n<meta property=\"og:url\" content=\"https:\/\/ultranatulife.com\/?product=2oz-lub-warm-pl\" \/>\n<meta property=\"og:site_name\" content=\"Ultra Natu Life\" \/>\n<meta property=\"article:publisher\" content=\"https:\/\/www.facebook.com\/UltraNatulifeSupplements\" \/>\n<meta property=\"article:modified_time\" content=\"2023-07-01T15:41:31+00:00\" \/>\n<meta property=\"og:image\" content=\"https:\/\/ultranatulife.com\/wp-content\/uploads\/2023\/06\/Lubs-Tiger-02.png\" \/>\n\t<meta property=\"og:image:width\" content=\"1000\" \/>\n\t<meta property=\"og:image:height\" content=\"1000\" \/>\n\t<meta property=\"og:image:type\" content=\"image\/png\" \/>\n<meta name=\"twitter:card\" content=\"summary_large_image\" \/>\n<meta name=\"twitter:label1\" content=\"Est. reading time\" \/>\n\t<meta name=\"twitter:data1\" content=\"1 minute\" \/>\n<script type=\"application\/ld+json\" class=\"yoast-schema-graph\">{\"@context\":\"https:\\\/\\\/schema.org\",\"@graph\":[{\"@type\":\"WebPage\",\"@id\":\"https:\\\/\\\/ultranatulife.com\\\/?product=2oz-lub-warm-pl\",\"url\":\"https:\\\/\\\/ultranatulife.com\\\/?product=2oz-lub-warm-pl\",\"name\":\"2oz Lub Warm PL - Ultra Natu Life\",\"isPartOf\":{\"@id\":\"https:\\\/\\\/ultranatulife.com\\\/#website\"},\"primaryImageOfPage\":{\"@id\":\"https:\\\/\\\/ultranatulife.com\\\/?product=2oz-lub-warm-pl#primaryimage\"},\"image\":{\"@id\":\"https:\\\/\\\/ultranatulife.com\\\/?product=2oz-lub-warm-pl#primaryimage\"},\"thumbnailUrl\":\"https:\\\/\\\/ultranatulife.com\\\/wp-content\\\/uploads\\\/2023\\\/06\\\/Lubs-Tiger-02.png\",\"datePublished\":\"2023-06-30T16:00:55+00:00\",\"dateModified\":\"2023-07-01T15:41:31+00:00\",\"breadcrumb\":{\"@id\":\"https:\\\/\\\/ultranatulife.com\\\/?product=2oz-lub-warm-pl#breadcrumb\"},\"inLanguage\":\"en-US\",\"potentialAction\":[{\"@type\":\"ReadAction\",\"target\":[\"https:\\\/\\\/ultranatulife.com\\\/?product=2oz-lub-warm-pl\"]}]},{\"@type\":\"ImageObject\",\"inLanguage\":\"en-US\",\"@id\":\"https:\\\/\\\/ultranatulife.com\\\/?product=2oz-lub-warm-pl#primaryimage\",\"url\":\"https:\\\/\\\/ultranatulife.com\\\/wp-content\\\/uploads\\\/2023\\\/06\\\/Lubs-Tiger-02.png\",\"contentUrl\":\"https:\\\/\\\/ultranatulife.com\\\/wp-content\\\/uploads\\\/2023\\\/06\\\/Lubs-Tiger-02.png\",\"width\":1000,\"height\":1000},{\"@type\":\"BreadcrumbList\",\"@id\":\"https:\\\/\\\/ultranatulife.com\\\/?product=2oz-lub-warm-pl#breadcrumb\",\"itemListElement\":[{\"@type\":\"ListItem\",\"position\":1,\"name\":\"Portada\",\"item\":\"https:\\\/\\\/ultranatulife.com\\\/\"},{\"@type\":\"ListItem\",\"position\":2,\"name\":\"Productos\",\"item\":\"https:\\\/\\\/ultranatulife.com\\\/?page_id=353\"},{\"@type\":\"ListItem\",\"position\":3,\"name\":\"2oz Lub Warm PL\"}]},{\"@type\":\"WebSite\",\"@id\":\"https:\\\/\\\/ultranatulife.com\\\/#website\",\"url\":\"https:\\\/\\\/ultranatulife.com\\\/\",\"name\":\"Ultra NatuLife - Suplementos 100% Naturales\",\"description\":\"Te ofrecemos tratamientos 100% naturales con resultados comprobados. Mejora tu vida con Ultra NatuLife.\",\"publisher\":{\"@id\":\"https:\\\/\\\/ultranatulife.com\\\/#organization\"},\"alternateName\":\"Ultra Natu Life\",\"potentialAction\":[{\"@type\":\"SearchAction\",\"target\":{\"@type\":\"EntryPoint\",\"urlTemplate\":\"https:\\\/\\\/ultranatulife.com\\\/?s={search_term_string}\"},\"query-input\":{\"@type\":\"PropertyValueSpecification\",\"valueRequired\":true,\"valueName\":\"search_term_string\"}}],\"inLanguage\":\"en-US\"},{\"@type\":\"Organization\",\"@id\":\"https:\\\/\\\/ultranatulife.com\\\/#organization\",\"name\":\"Ultra NatuLife - Suplementos 100% Naturales\",\"url\":\"https:\\\/\\\/ultranatulife.com\\\/\",\"logo\":{\"@type\":\"ImageObject\",\"inLanguage\":\"en-US\",\"@id\":\"https:\\\/\\\/ultranatulife.com\\\/#\\\/schema\\\/logo\\\/image\\\/\",\"url\":\"https:\\\/\\\/ultranatulife.com\\\/wp-content\\\/uploads\\\/2023\\\/04\\\/logo-ultra-verde.png\",\"contentUrl\":\"https:\\\/\\\/ultranatulife.com\\\/wp-content\\\/uploads\\\/2023\\\/04\\\/logo-ultra-verde.png\",\"width\":638,\"height\":177,\"caption\":\"Ultra NatuLife - Suplementos 100% Naturales\"},\"image\":{\"@id\":\"https:\\\/\\\/ultranatulife.com\\\/#\\\/schema\\\/logo\\\/image\\\/\"},\"sameAs\":[\"https:\\\/\\\/www.facebook.com\\\/UltraNatulifeSupplements\",\"https:\\\/\\\/www.instagram.com\\\/ultranatulife\\\/\"]}]}<\/script>\n<!-- \/ Yoast SEO plugin. -->","yoast_head_json":{"title":"2oz Lub Warm PL - Ultra Natu Life","robots":{"index":"index","follow":"follow","max-snippet":"max-snippet:-1","max-image-preview":"max-image-preview:large","max-video-preview":"max-video-preview:-1"},"canonical":"https:\/\/ultranatulife.com\/?product=2oz-lub-warm-pl","og_locale":"en_US","og_type":"article","og_title":"2oz Lub Warm PL - Ultra Natu Life","og_description":"El placer que siempre ha querido. Orgasmos alucinantes para una experiencia fuera del cuerpo. Unas pocas gotas de nuestro gel tibio equivalen a una experiencia de felicidad como nunca antes. Descubre de lo que miles de mujeres no se cansan. Incre\u00edblemente estimulante, aumenta la sensibilidad para la excitaci\u00f3n femenina, el gel te permite experimentar mayores sensaciones en tu \u00e1rea m\u00e1s sensible, como el cl\u00edtoris y el ano.  INDICACIONES: Aplicar solo 5 minutos antes de la intimidad o la masturbaci\u00f3n para experimentar nuevas y deliciosas sensaciones. Aplique la cantidad deseada en las \u00e1reas \u00edntimas para masajes y juegos previos. \u00daselo para mayor intensidad, humedad y comodidad. Vuelva a aplicar seg\u00fan lo desee. No para el consumo, pero inofensivo en peque\u00f1as cantidades si se ingiere.  NOTA: Se lava f\u00e1cilmente con jab\u00f3n suave y agua tibia. Seguro para l\u00e1tex. Puede sentir una sensaci\u00f3n de enfriamiento y\/o calor de 5 a 15 minutos despu\u00e9s de la aplicaci\u00f3n. Diferentes personas pueden experimentar diversos grados debido al tipo de piel. Si siente que hace demasiado fr\u00edo o calor para soportarlo, use un agente refrescante como el gel de aloe vera para refrescar su piel.","og_url":"https:\/\/ultranatulife.com\/?product=2oz-lub-warm-pl","og_site_name":"Ultra Natu Life","article_publisher":"https:\/\/www.facebook.com\/UltraNatulifeSupplements","article_modified_time":"2023-07-01T15:41:31+00:00","og_image":[{"width":1000,"height":1000,"url":"https:\/\/ultranatulife.com\/wp-content\/uploads\/2023\/06\/Lubs-Tiger-02.png","type":"image\/png"}],"twitter_card":"summary_large_image","twitter_misc":{"Est. reading time":"1 minute"},"schema":{"@context":"https:\/\/schema.org","@graph":[{"@type":"WebPage","@id":"https:\/\/ultranatulife.com\/?product=2oz-lub-warm-pl","url":"https:\/\/ultranatulife.com\/?product=2oz-lub-warm-pl","name":"2oz Lub Warm PL - Ultra Natu Life","isPartOf":{"@id":"https:\/\/ultranatulife.com\/#website"},"primaryImageOfPage":{"@id":"https:\/\/ultranatulife.com\/?product=2oz-lub-warm-pl#primaryimage"},"image":{"@id":"https:\/\/ultranatulife.com\/?product=2oz-lub-warm-pl#primaryimage"},"thumbnailUrl":"https:\/\/ultranatulife.com\/wp-content\/uploads\/2023\/06\/Lubs-Tiger-02.png","datePublished":"2023-06-30T16:00:55+00:00","dateModified":"2023-07-01T15:41:31+00:00","breadcrumb":{"@id":"https:\/\/ultranatulife.com\/?product=2oz-lub-warm-pl#breadcrumb"},"inLanguage":"en-US","potentialAction":[{"@type":"ReadAction","target":["https:\/\/ultranatulife.com\/?product=2oz-lub-warm-pl"]}]},{"@type":"ImageObject","inLanguage":"en-US","@id":"https:\/\/ultranatulife.com\/?product=2oz-lub-warm-pl#primaryimage","url":"https:\/\/ultranatulife.com\/wp-content\/uploads\/2023\/06\/Lubs-Tiger-02.png","contentUrl":"https:\/\/ultranatulife.com\/wp-content\/uploads\/2023\/06\/Lubs-Tiger-02.png","width":1000,"height":1000},{"@type":"BreadcrumbList","@id":"https:\/\/ultranatulife.com\/?product=2oz-lub-warm-pl#breadcrumb","itemListElement":[{"@type":"ListItem","position":1,"name":"Portada","item":"https:\/\/ultranatulife.com\/"},{"@type":"ListItem","position":2,"name":"Productos","item":"https:\/\/ultranatulife.com\/?page_id=353"},{"@type":"ListItem","position":3,"name":"2oz Lub Warm PL"}]},{"@type":"WebSite","@id":"https:\/\/ultranatulife.com\/#website","url":"https:\/\/ultranatulife.com\/","name":"Ultra NatuLife - Suplementos 100% Naturales","description":"Te ofrecemos tratamientos 100% naturales con resultados comprobados. Mejora tu vida con Ultra NatuLife.","publisher":{"@id":"https:\/\/ultranatulife.com\/#organization"},"alternateName":"Ultra Natu Life","potentialAction":[{"@type":"SearchAction","target":{"@type":"EntryPoint","urlTemplate":"https:\/\/ultranatulife.com\/?s={search_term_string}"},"query-input":{"@type":"PropertyValueSpecification","valueRequired":true,"valueName":"search_term_string"}}],"inLanguage":"en-US"},{"@type":"Organization","@id":"https:\/\/ultranatulife.com\/#organization","name":"Ultra NatuLife - Suplementos 100% Naturales","url":"https:\/\/ultranatulife.com\/","logo":{"@type":"ImageObject","inLanguage":"en-US","@id":"https:\/\/ultranatulife.com\/#\/schema\/logo\/image\/","url":"https:\/\/ultranatulife.com\/wp-content\/uploads\/2023\/04\/logo-ultra-verde.png","contentUrl":"https:\/\/ultranatulife.com\/wp-content\/uploads\/2023\/04\/logo-ultra-verde.png","width":638,"height":177,"caption":"Ultra NatuLife - Suplementos 100% Naturales"},"image":{"@id":"https:\/\/ultranatulife.com\/#\/schema\/logo\/image\/"},"sameAs":["https:\/\/www.facebook.com\/UltraNatulifeSupplements","https:\/\/www.instagram.com\/ultranatulife\/"]}]}},"_links":{"self":[{"href":"https:\/\/ultranatulife.com\/index.php?rest_route=\/wp\/v2\/product\/12754","targetHints":{"allow":["GET"]}}],"collection":[{"href":"https:\/\/ultranatulife.com\/index.php?rest_route=\/wp\/v2\/product"}],"about":[{"href":"https:\/\/ultranatulife.com\/index.php?rest_route=\/wp\/v2\/types\/product"}],"version-history":[{"count":3,"href":"https:\/\/ultranatulife.com\/index.php?rest_route=\/wp\/v2\/product\/12754\/revisions"}],"predecessor-version":[{"id":12794,"href":"https:\/\/ultranatulife.com\/index.php?rest_route=\/wp\/v2\/product\/12754\/revisions\/12794"}],"wp:featuredmedia":[{"embeddable":true,"href":"https:\/\/ultranatulife.com\/index.php?rest_route=\/wp\/v2\/media\/12760"}],"wp:attachment":[{"href":"https:\/\/ultranatulife.com\/index.php?rest_route=%2Fwp%2Fv2%2Fmedia&parent=12754"}],"wp:term":[{"taxonomy":"product_brand","embeddable":true,"href":"https:\/\/ultranatulife.com\/index.php?rest_route=%2Fwp%2Fv2%2Fproduct_brand&post=12754"},{"taxonomy":"product_cat","embeddable":true,"href":"https:\/\/ultranatulife.com\/index.php?rest_route=%2Fwp%2Fv2%2Fproduct_cat&post=12754"},{"taxonomy":"product_tag","embeddable":true,"href":"https:\/\/ultranatulife.com\/index.php?rest_route=%2Fwp%2Fv2%2Fproduct_tag&post=12754"}],"curies":[{"name":"wp","href":"https:\/\/api.w.org\/{rel}","templated":true}]}}